 m(-19). Suppose x - 1506 = -w. Is x a composite number?
True
Suppose t = 5*k - 1672 - 1191, t = 3*k - 2863. Let a = -1950 - t. Is a composite?
True
Let z(a) = -4*a + 33. Let g(d) = 7*d - 67. Let t(m) = -6*g(m) - 13*z(m). Is t(8) prime?
True
Suppose -160 + 820 = 3*c. Suppose -5*p + 4*j + 2335 = 0, c = p - 2*j - 247. Is p a prime number?
True
Let b(j) = -5*j + 17. Let l be b(3). Suppose -3*m = l*m - 11665. Is m composite?
False
Suppose -2*v = -5 + 23. Let g = v - -35. Is g prime?
False
Let t(j) = 374*j**2 + 19*j - 11. Is t(4) prime?
False
Suppose 0 = -2*i - 10 - 2. Is (267/(-2))/(i/8) composite?
True
Let g be (-4)/(-10) - 8606/65. Let b be g/(-30) + (-4)/10. Is 22/(-44) + 2238/b composite?
True
Suppose -32 + 7 = 5*v. Let t(s) = s**3 + 5*s**2 - 13*s - 7. Is t(v) a composite number?
True
Suppose 2*a - 1058 = -0*a. Let w = a - -454. Is w a prime number?
True
Let o = 49 - 41. Suppose 98 = o*f - f. Is f a prime number?
False
Suppose 0 = 3*g - 1897 + 4939. Let v be 21/(-2) + 20/(-8) + 3. Is g/(-5) + v/(-50) a prime number?
False
Let c be (-22)/6 + 6/9. Suppose 0 = 5*n - 3*k + 47, -2*n - 5*k + 45 = -7*n. Let m = c - n. Is m prime?
True
Suppose 4*k + 16 = -4*j + 7*j, 4 = -5*j - k. Suppose j = q + 2*q - 6. Suppose -3*w = 4*d - 287, 3*d = -2*w - q*w + 385. Is w a prime number?
True
Let g = -17923 - -30374. Is g a composite number?
False
Let j = -54 + 59. Suppose 0 = -j*g + g - 3*z + 12, 0 = 4*g - 2*z - 12. Is g prime?
True
Let h(u) = 162*u - 17. Is h(4) a composite number?
False
Let x(m) = 6*m**2 + 15*m - 8. Suppose 2*u = 4*o - 3*u + 54, u = -3*o - 31. Is x(o) prime?
False
Let i(r) = r**2 + r - 1. Let d(n) = -30*n**2 - 4*n + 2. Let x(l) = -d(l) + 3*i(l). Is x(4) composite?
True
Suppose -4*a = b - 5*b + 57956, 4*a = -b + 14469. Is b a prime number?
False
Let a be 1/(-3 + 48/15). Suppose 3*l + b = 212, 54 = 4*l - a*b - 216. Is l - -3*(-1 + 0) a composite number?
False
Let h(g) = -28*g**3 + 4*g**2 - g - 1. Let t be h(-3). Suppose -4*m = -4*j - 3200, -m + 2*j = 3*j - t. Is m a composite number?
False
Let u be (17/(-51))/((-2)/24). Suppose -j = 2*a - 102, u*j - 65 = -a - 0*j. Is a prime?
False
Suppose -2*b = -s - 19330, 0 = 3*b - 0*b - 3*s - 28995. Is b prime?
False
Let a be (0/(-3))/(0 - -3). Let z be 2/2 - -415 - a. Suppose 3*n = -0*m + 2*m - z, -n = m - 213. Is m a prime number?
True
Let h(q) = 61*q**2 - 5*q + 7. Let v be h(-6). Is v/15 + (-16)/(-120) composite?
False
Let r = 135 - 130. Suppose 2*z = 3*t + 6613, r*t + 3273 = z - 51. Is z a prime number?
True
Suppose -s + u + 1254 + 7943 = 0, 0 = -5*s + 2*u + 45973. Is s prime?
False
Is (-11 + 83218 - -2)*1 a prime number?
False
Let o = -91572 - -158392. Let k be o/(-24) - (-1)/6. Is k/(-34) - 2/(-17) prime?
False
Let l = 17747 + 12642. Is l prime?
True
Let k be 9197/(-85) - 3/(-15). Let w(q) = -q**2 - 49. Let i be w(0). Let m = i - k. Is m composite?
False
Suppose -34*b = -232365 - 1899469. Is b a composite number?
False
Suppose 0 = -4*t - v + 2*v + 33846, 3*t + 4*v = 25375. Is t a prime number?
True
Suppose -5*t - 5365 = -24260. Is t prime?
True
Let a be 66/(-4)*(-4)/(-6). Let k = -6 - a. Suppose -k*i + 27 = -28. Is i a prime number?
True
Let y(r) = -505*r + 136. Is y(-3) composite?
True
Let u = 14413 + -7578. Is u prime?
False
Suppose 5*o - 6554 = 9191. Is o prime?
False
Suppose 1173 = -5*h + 7858. Is h a prime number?
False
Let q(d) be the first derivative of -7*d**2/2 - 4*d - 1. Let x be q(-12). Suppose -5*b + 405 = -x. Is b a composite number?
False
Suppose -2*k - 3 = -1. Let d(z) = 243*z**3 + 7*z**2 + z - 9. Let j(a) = 121*a**3 + 4*a**2 + a - 5. Let t(h) = -3*d(h) + 5*j(h). Is t(k) prime?
False
Let z be (-2)/3*-6 + 0/(-1). Let j(q) = 110*q**3 + 3*q**2 + 8*q + 1. Is j(z) composite?
False
Suppose -5*q = -4*l - 3*q - 8, 2*l - 3*q = 0. Let r(p) = 64*p**2 - p + 2. Is r(l) a prime number?
False
Let s be (105/(-28))/(3/40). Let x = 107 - s. Is x composite?
False
Let j(z) be the second derivative of 5*z**4/4 - 2*z**3/3 - 20*z**2 - 7*z. Is j(9) a prime number?
False
Suppose r = 4*i + 3045, 4*r + 5*i = 8*i + 12232. Is r prime?
True
Let m = 1675 - 930. Is m prime?
False
Let h = -1150 + 2495. Is h prime?
False
Suppose 2*x + x = 0. Suppose x = -4*d + 327 + 209. Is d a prime number?
False
Suppose -2*m + 4*y = m + 137, y - 200 = 4*m. Let l = 113 + m. Is l composite?
True
Let c(o) = 12*o**2 + 24*o + 19. Let q be ((-1)/(-2))/((-4)/80). Is c(q) prime?
False
Let s(w) = 15*w**2 - 2*w - 10. Let x be s(15). Suppose 0 = -3*d + 8*d - x. Is d prime?
False
Suppose 2*d = -52 + 58. Is 9063/(-27)*d*1/(-1) prime?
False
Suppose 0*a + 4*a + 2020 = 0. Is a/((4 + 1)/(-5)) prime?
False
Suppose 2*c = 5*x - 3 - 22, -x = c - 5. Suppose -6*s + 10*s - 308 = c. Suppose -s = -2*j + j. Is j composite?
True
Let s(o) = 8*o - 13. Let q be s(2). Let f be (-4)/(-10) - 4/10. Suppose w = -2*d + 60, -q*d - 171 = -3*w - f*w. Is w a prime number?
False
Suppose 2*k - 3 = -3*l + 3*k, 3*k = -9. Suppose l*c = -c. Suppose 4*x = -c*v + 3*v + 819, v = -x + 196. Is x a composite number?
True
Let k = -446 - -915. Let n = k + -88. Is n a composite number?
True
Let s(q) = -q + 14. Let h be s(18). Let j(b) be the first derivative of 2*b**3/3 + 2*b**2 + 5*b - 2. Is j(h) a prime number?
False
Let a = 23023 + -13374. Is a a prime number?
True
Suppose 5*o = -d + 26534, 0 = -d - 4*d + 20. Let r = 8899 - o. Is r a composite number?
False
Let o be (5 - 5)/(-2) + 5. Suppose 0 = 5*r - n - 1403 - 4660, o*r = 4*n + 6057. Is r composite?
False
Is 91988/10 + -13 + 660/50 prime?
True
Let n be (-4)/(-6)*(-21)/2. Let i(l) = 806*l - 16. Let j be i(n). Is j/(-15) + (-1)/5 prime?
False
Let p(r) = 2*r**2 + 23*r + 14. Let i be p(-11). Is (-2)/6 - (7113/(-9) + i) composite?
False
Let y(z) = 31*z + 2. Suppose 6*o = 3*o + 18. Let q be y(o). Suppose -186 = -2*v + q. Is v prime?
False
Let w(u) = -2*u - 2. Let y be w(-2). Let a(p) = -44*p + 8. Let l be a(-4). Suppose -l = -y*c - 2*m, 0*c - 3*m = -3*c + 294. Is c a composite number?
True
Suppose -3*k + 3358 + 2314 = -5*f, f = 5*k - 9446. Is k a composite number?
False
Suppose 5*w - 49 = -2*w. Suppose x - w = -11. Is ((-10)/3)/(x/174) a composite number?
True
Let m(k) = 1045*k**2 + 7*k + 3. Is m(4) prime?
False
Let t be (-1)/(4/6 + (-3)/9). Is 494/t*3/(-2) a composite number?
True
Is (79 + -185)*(-157)/2 a composite number?
True
Let t = -59 + 64. Suppose -3412 = -t*l + l. Is l a composite number?
False
Suppose 0 = 2*s - 0*j - 2*j - 48, 2*s + j = 42. Let v be (2/(-2))/(-2)*s. Suppose 8*f - v*f = -21. Is f a prime number?
True
Suppose 0 = -4*f + 25*f - 65877. Is f a prime number?
True
Let u(o) = -20*o + 5. Is u(-7) composite?
True
Let l = -19 - -37. Let m = 9 - l. Is 266 + m + (1 - -1) composite?
True
Let t(u) = -132*u + 14. Is t(-2) a prime number?
False
Suppose -4 = f + 4*s, -4*s - 7 + 3 = 0. Suppose f*g = 4*h - g - 1516, 2*h - 4*g - 758 = 0. Is h a prime number?
True
Suppose 5*n = 2*n - 402. Let u = 23 - n. Let r = -24 + u. Is r a prime number?
False
Suppose 4*n - 2*z - 10 = 0, 5*z + 1 = 2*n + 8. Suppose -x - n*x + 1235 = 0. Is x composite?
True
Let t = 0 - -2. Suppose -2*g = t*g - 2*o - 3568, -g = o - 898. Let b = g - 535. Is b composite?
False
Is 2664 + -27 - ((0 - 0) + -1) a composite number?
True
Suppose 5*g - 26760 = -g. Suppose 0 = -2*s + 6*s - g. Is s composite?
True
Suppose -z + 26 = z. Suppose -r = -z - 5. Let q = r + 169. Is q a composite number?
True
Let c = 137 + 3296. Is c a prime number?
True
Suppose 5*f + 28 = -s + 2*s, -2*f - 16 = -2*s. Is (1718/4)/(f/(-2) + -2) a prime number?
True
Suppose 6*f + 0*f = -972. Let z = f - -691. Is z a prime number?
False
Is 23/((4 + (-49896)/12472)/(-1)) prime?
False
Is ((-6814)/12)/((-116)/696) composite?
False
Suppose -s - 138 = 4*l - 478, 2*s - 85 = -l. Suppose -l = -5*c + 45. Is c a prime number?
False
Let w = 20 + -13. Suppose 3*f + 7832 = w*f. Let j = f - 1311. Is j composite?
False
Suppose 15 = -3*w, -4*f + w + 0*w + 9 = 0. Let d(s) = 9*s - 2. Let y be d(f). Is (86 - y)/((-2)/(-2)) composite?
False
Let d be 30/7 - 2/7. Let c = -95 - d. Let m = -65 - c. Is m prime?
False
Suppose -243 = 5*n - 3*l - 60983, 4*n - 48609 = -l. Is n a prime number?
False
Suppose -6*z + 8 = -22. Suppose -z*a - 3*o = 258, -12 + 167 = -3*a - 2*o. Let t = a - -77. Is t a prime number?
False
Let l = -25 + 32. I